t y(l) = -l**3 - l**2 + 10. Calculate y(0).
10
Let z(i) = 31*i**2 + i - 1. Calculate z(1).
31
Let m(h) = 17*h + 10. Determine m(-1).
-7
Let q(a) = a**3 + 3*a**2 - 5*a - 2. Determine q(-4).
2
Let d(t) = 2*t**3 - 6*t**2 + 1. Determine d(4).
33
Let x(t) = -t**3 + t**2 - 9*t + 21. Calculate x(0).
21
Let j(m) = -8*m**3 + 4*m**2 - 3*m + 1. Calculate j(2).
-53
Let f(t) = -t**3 + 6*t**2 + 10*t + 17. Calculate f(7).
38
Let c(z) = z**2 - 26*z - 13. Give c(27).
14
Let f(d) = d**3 - 5*d**2 + 3*d - 3. Determine f(4).
-7
Let i(b) = -b**3 + 17*b**2 - 15*b - 18. Calculate i(16).
-2
Let n(j) = -j - 6. What is n(-14)?
8
Let x(l) = l**2 + 5*l - 21. Give x(6).
45
Let i(n) = -60*n + 6. Determine i(1).
-54
Let p(b) = 7*b**2 + 2*b + 1. Determine p(-1).
6
Let p(m) = -2*m - 10. Calculate p(-3).
-4
Let a(f) = 2*f**2 + 13*f + 9. Give a(-6).
3
Let x(h) = 2*h**3 + 17*h**2 - 15*h - 32. Calculate x(-9).
22
Let k(a) = -a**3 + 7*a**2 - 5*a - 11. What is k(6)?
-5
Let v(h) = -5*h**2 - 3*h - 8. Give v(-4).
-76
Let h(v) = v - 17. Calculate h(12).
-5
Let t(q) = q**3 + 10*q**2 + 8*q - 2. Give t(-9).
7
Let w(l) = -l**2 - 8*l - 9. Determine w(-6).
3
Let a(f) = -13*f**2 + f + 1. What is a(1)?
-11
Let m(r) = -r**3 + 7*r**2 - 6*r - 3. What is m(6)?
-3
Let x(u) = -21*u + 101. Give x(5).
-4
Let c(l) = l**2 + 2*l + 9. Give c(6).
57
Let l(t) = -t**2 + 7*t + 3. Give l(6).
9
Let x(h) = -h**3 - 2*h**2 - 5*h. Determine x(-2).
10
Let i(j) = -j**3 + 2*j**2 + 5*j + 5. Calculate i(5).
-45
Let q(b) = b**3 - 7*b**2 + 7*b - 1. Determine q(6).
5
Let t(w) = -3*w - 12. Give t(-13).
27
Let r(i) = -i**3 + 13*i**2 - i + 19. Determine r(13).
6
Let n(k) = k - 30. Give n(18).
-12
Let p(s) = -s**2 + 5*s - 17. Give p(0).
-17
Let a(q) = -3*q**3 + q**2 + q + 1. What is a(-1)?
4
Let n(a) = -a**3 - 13*a**2 - 9*a + 45. Determine n(-12).
9
Let b(v) = v**3 - 2*v + 1. Determine b(-2).
-3
Let n(d) = -d**3 + 3*d**2 + 5*d - 3. What is n(6)?
-81
Let i(m) = -23*m - 76. What is i(-7)?
85
Let h(u) = -5*u + 65. Give h(12).
5
Let g(t) = 2*t**2 + 2*t - 6. Determine g(-5).
34
Let w(j) = -21*j - 141. Calculate w(-8).
27
Let x(s) = s**2 + 33*s + 93. Calculate x(-28).
-47
Let x(c) = -c**3 + 8*c**2 - 8*c - 17. Give x(7).
-24
Let o(i) = -i**3 + i**2 - 8*i + 27. Calculate o(3).
-15
Let b(t) = 5*t**2 + t - 5. Determine b(-4).
71
Let k(s) = -4*s**2 - 5*s + 1. Determine k(-3).
-20
Let j(m) = m**3 - m**2 - m + 16. What is j(0)?
16
Let h(v) = -v**2 - 10*v + 5. What is h(-11)?
-6
Let f(g) = g**2 + 5*g + 15. Determine f(-5).
15
Let l(r) = 11*r**3 + r**2 - r + 1. Determine l(1).
12
Let u(v) = 31*v - 19. Calculate u(8).
229
Let j(y) = -12*y - 19. Determine j(-4).
29
Let z(h) = -37*h - 184. Give z(-5).
1
Let w(g) = -g**3 - g + 4. What is w(0)?
4
Let c(q) = 5*q - 7. Calculate c(7).
28
Let g(b) = -4*b**2 + b. Determine g(-2).
-18
Let p(f) = -3*f**3 + 4*f**2 - 6*f + 4. Determine p(3).
-59
Let p(w) = w**3 - 7*w**2 + 5*w + 2. Calculate p(6).
-4
Let k(s) = 83*s + 1663. Calculate k(-20).
3
Let n(g) = g**3 - 17*g**2 + 30*g - 7. What is n(15)?
-7
Let p(t) = t**2 + t. Determine p(-3).
6
Let c(y) = -y**3 - 4*y**2 + y - 1. What is c(-3)?
-13
Let k(n) = n**2 + 8*n + 15. Calculate k(-4).
-1
Let u(f) = f**3 - 11*f**2 - 10*f + 4. Calculate u(12).
28
Let j(m) = m**3 - 7*m**2 - 19*m + 3. What is j(9)?
-6
Let l(h) = -5*h + 180. Calculate l(35).
5
Let d(i) = -2*i**2 + 7*i + 12. Give d(7).
-37
Let l(q) = -13*q - 55. Determine l(-4).
-3
Let u(j) = -2*j**3 + 6*j**2 + 4*j + 4. What is u(5)?
-76
Let a(s) = 3*s**3 - 39*s**2 - 18. What is a(13)?
-18
Let d(m) = 26*m - 19. What is d(1)?
7
Let c(s) = -s + 6. Calculate c(-7).
13
Let i(q) = -q**3 - 7*q**2 - 5*q + 5. Give i(-6).
-1
Let x(m) = -m**2 - 13*m - 38. Determine x(-10).
-8
Let k(a) = a + 9. What is k(3)?
12
Let m(t) = t**2 - 6*t - 17. What is m(14)?
95
Let y(x) = -x**3 + 14*x**2 - 3*x - 4. Determine y(14).
-46
Let r(x) = 3*x + 18. Give r(11).
51
Let d(z) = z**3 - 29*z**2 + 29*z - 26. What is d(28)?
2
Let j(d) = -d**3 + 18*d**2 + 16*d + 5. What is j(19)?
-52
Let o(u) = -u**3 - 11*u**2 - 2*u - 15. What is o(-11)?
7
Let j(c) = -c**2 - 4*c + 7. What is j(-8)?
-25
Let r(g) = -g - 18. What is r(-6)?
-12
Let k(y) = -8*y + 7. What is k(-2)?
23
Let d(w) = 4*w**2 + 60*w + 5. What is d(-15)?
5
Let h(r) = r**3 + 4*r**2 + 8*r + 12. What is h(-4)?
-20
Let s(t) = 4*t - 76. Calculate s(20).
4
Let v(r) = -3*r - 3. Give v(6).
-21
Let i(k) = -13*k + 2. What is i(-3)?
41
Let d(x) = x**3 + 19*x**2 + 18*x - 13. Give d(-18).
-13
Let h(c) = -6*c - 56. What is h(-9)?
-2
Let k(i) = -i**2 - 13*i + 22. Give k(-15).
-8
Let n(a) = -a + 2. Give n(1).
1
Let w(j) = -j**2 - 4. What is w(-5)?
-29
Let a(i) = -53*i - 833. Determine a(-16).
15
Let l(d) = -7*d - 146. Give l(-25).
29
Let j(p) = -p**3 + 12*p**2 + 10*p + 45. Give j(13).
6
Let a(n) = n + 36. Give a(12).
48
Let o(g) = -g**2 - 4*g + 36. What is o(0)?
36
Let b(h) = h**3 - 10*h**2 + 4*h + 4. Calculate b(9).
-41
Let x(p) = -4*p + 21. What is x(14)?
-35
Let n(w) = -3*w**2 - 10*w - 6. Determine n(-4).
-14
Let f(m) = -3*m - 88. Give f(-27).
-7
Let j(f) = -2*f + 42. Give j(25).
-8
Let n(x) = -x**3 + 3*x**2 - 10*x + 28. Determine n(3).
-2
Let c(a) = -a**2 - 17*a + 60. Determine c(-20).
0
Let b(y) = 10*y + 2. Determine b(-4).
-38
Let m(f) = 2*f**2 + 53*f + 22. Give m(-26).
-4
Let a(w) = -w**3 + 24*w**2 - 24*w + 19. Determine a(23).
-4
Let j(i) = 3*i**3 - 5*i**2 + 6*i - 1. Calculate j(3).
53
Let l(g) = 5*g - 23. Calculate l(10).
27
Let t(z) = -2*z**3 + 3*z**2 + 3. Give t(3).
-24
Let w(p) = -2*p**2 - 25*p - 20. What is w(-6)?
58
Let k(h) = -11*h + 1. Determine k(-3).
34
Let f(t) = 13*t**2 - 16*t + 6. Give f(1).
3
Let w(f) = -f**2 - 2*f - 17. Determine w(-9).
-80
Let o(d) = -d**2 + d - 6. Calculate o(-10).
-116
Let t(s) = -s**2 - s + 15. Determine t(-5).
-5
Let n(h) = h**2 + 16*h - 11. Calculate n(-15).
-26
Let s(y) = y**3 - 9*y**2 + 13*y + 11. Calculate s(7).
4
Let k(a) = -16*a + 49. Determine k(5).
-31
Let p(b) = -7*b - 10. Give p(-3).
11
Let k(q) = q**3 - 21*q**2 - 130*q + 21. Give k(26).
21
Let f(u) = 8*u - 75. Determine f(9).
-3
Let c(a) = -16*a - 91. Determine c(-6).
5
Let b(l) = l**2 + 4*l + 19. What is b(6)?
79
Let i(b) = -b**3 - 7*b**2 - 3*b - 11. Calculate i(-7).
10
Let c(s) = -s**2 + 10*s - 6. Determine c(10).
-6
Let r(i) = -2*i + 20. Give r(7).
6
Let y(w) = -w + 13. Give y(7).
6
Let b(t) = 5*t + 16. Determine b(-3).
1
Let j(q) = -q**3 + 13*q**2 - 42*q + 7. Give j(7).
7
Let i(j) = -j**3 - 6*j**2 + 2*j + 6. Give i(-6).
-6
Let k(z) = 4*z - 5. What is k(3)?
7
Let p(v) = -16*v. Give p(2).
-32
Let l(m) = 84*m. Give l(-1).
-84
Let u(o) = -12*o + 71. Calculate u(4).
23
Let d(r) = 2*r**2 - 7*r + 10. What is d(3)?
7
Let t(s) = -s + 6. Determine t(8).
-2
Let l(w) = -2*w**2 - 9*w + 23. Give l(4).
-45
Let d(l) = l**2 - 4*l - 9. Determine d(5).
-4
Let j(m) = m**2 + 30*m + 53. Determine j(-28).
-3
Let r(x) = x**2 - 2*x - 3. Calculate r(5).
12
Let u(y) = -y**2 + 34*y - 49. Give u(34).
-49
Let g(l) = l**3 - 6*l**2 - 7*l - 4. Calculate g(7).
-4
Let o(n) = -n**2 + 11*n - 22. Calculate o(6).
8
Let y(v) = -16*v + 1. Determine y(1).
-15
Let r(n) = n**2 + 8*n - 36. Give r(5).
29
Let y(d) = -d**3 + 4*d**2 + d - 4. Calculate y(2).
6
Let y(s) = -s**3 + 13*s**2 + 7*s - 91. Calculate y(13).
0
Let w(a) = -a**3 - 3*a**2 + 7*a + 7. Give w(-5).
22
Let g(l) = 6*l + 15. Calculate g(-2).
3
Let t(u) = -u**3 - 17*u**2 + 17*u - 17. Determine t(-18).
1
Let r(n) = n**2 + 4*n - 4. Determine r(-5).
1
Let n(k) = -k**2 - 12*k - 16. Determine n(-7).
19
Let h(y) = -2*y - 16. Calculate h(-8).
0
Let p(h) = -h**3 - 3*h**2 - 6*h - 3. What is p(-4)?
37
Let b(p) = -2*p**2 + 15*p + 4. What is b(4)?
32
Let o(z) = -2*z**3 - 3*z**2 + 6*z + 3. What is o(-3)?
12
Let j(h) = h**3 - 4*h**2 - h - 8. Calculate j(4).
-12
Let l(f) = -5*f - 62. Calculate l(-8).
-22
Let a(l) = -6*l - 4. Determine a(-7).
38
Let d(j) = -2*j**3 + 5*j**2 - 3*j + 3. Determine d(2).
1
Let u(v) = -2*v - 24. Give u(-9).
-6
Let j(g) = -g**3 + 4*g**2 + 2*g + 5. Give j(5).
-10
Let c(m) = 3*m - 121. Determine c(32).
-25
Let k(f) = 5*f - 13. Determine k(4).
7
Let t(l) = -12*l - 3. Determine t(-2).
21
Let c(f) = f**2 + 10*f - 9. Calculate c(-8).
-25
Let p(g) = g**2 - 2*g + 2. Calculate p(2).
2
Let x(z) = 6*z - 160. Calculate x(28).
8
Let t(h) = -7*h - 6. Determine t(-10).
64
Let j(q) = -5